actors of 2482271.
11, 113, 1997
What are the prime factors of 664299?
3, 31, 2381
List the prime factors of 3703094.
2, 1851547
What are the prime factors of 20059020?
2, 3, 5, 111439
What are the prime factors of 9408873?
3, 43, 72937
What are the prime factors of 3352492?
2, 11, 13, 5861
What are the prime factors of 2519712?
2, 3, 13, 673
List the prime factors of 4192211.
29, 37, 3907
What are the prime factors of 1733910?
2, 3, 5, 29, 1993
What are the prime factors of 7042347?
3, 13, 23, 2617
List the prime factors of 11766525.
3, 5, 156887
List the prime factors of 84228.
2, 3, 7019
What are the prime factors of 15353?
13, 1181
List the prime factors of 1632609.
3, 11, 23, 239
List the prime factors of 14963257.
14963257
List the prime factors of 34111432.
2, 4263929
What are the prime factors of 16748903?
16748903
What are the prime factors of 413133?
3, 7, 103, 191
What are the prime factors of 23039648?
2, 719989
List the prime factors of 216758.
2, 108379
List the prime factors of 178057.
11, 16187
List the prime factors of 910279.
910279
List the prime factors of 237871.
127, 1873
List the prime factors of 19665608.
2, 19, 129379
What are the prime factors of 1750924?
2, 7, 62533
List the prime factors of 101570.
2, 5, 7, 1451
List the prime factors of 10402816.
2, 10159
What are the prime factors of 6642231?
3, 2214077
List the prime factors of 181440.
2, 3, 5, 7
What are the prime factors of 487893?
3, 7, 3319
What are the prime factors of 188643?
3, 7, 13, 691
List the prime factors of 1388701.
1388701
What are the prime factors of 829343?
31, 863
What are the prime factors of 1764878?
2, 882439
What are the prime factors of 3825727?
677, 5651
What are the prime factors of 803612?
2, 200903
List the prime factors of 835839.
3, 17, 607
List the prime factors of 37924221.
3, 41, 308327
What are the prime factors of 559978?
2, 41, 6829
List the prime factors of 19567255.
5, 17, 230203
What are the prime factors of 376595?
5, 109, 691
What are the prime factors of 3069645?
3, 5, 113, 1811
List the prime factors of 1158483.
3, 386161
List the prime factors of 75582.
2, 3, 13, 17, 19
What are the prime factors of 2345689?
37, 63397
What are the prime factors of 11573777?
1093, 10589
What are the prime factors of 1238597?
1238597
List the prime factors of 9790985.
5, 19, 23, 4481
What are the prime factors of 9344401?
11, 547, 1553
List the prime factors of 1983148.
2, 495787
What are the prime factors of 421337?
7, 23, 2617
What are the prime factors of 257756?
2, 64439
List the prime factors of 11626028.
2, 17, 170971
What are the prime factors of 1320807?
3, 440269
What are the prime factors of 463?
463
List the prime factors of 8580527.
8580527
What are the prime factors of 4133619?
3, 7, 21871
List the prime factors of 284459.
7, 40637
What are the prime factors of 156714?
2, 3, 26119
List the prime factors of 47694.
2, 3, 7949
List the prime factors of 1863930.
2, 3, 5, 62131
What are the prime factors of 3199?
7, 457
What are the prime factors of 8511657?
3, 7, 11, 36847
List the prime factors of 917244.
2, 3, 19, 149
What are the prime factors of 499428?
2, 3, 13873
What are the prime factors of 695891?
7, 89, 1117
List the prime factors of 5246088.
2, 3, 241, 907
List the prime factors of 156309.
3, 52103
What are the prime factors of 556502?
2, 67, 4153
List the prime factors of 465113.
11, 42283
List the prime factors of 143645.
5, 28729
What are the prime factors of 9604271?
23, 417577
What are the prime factors of 10285675?
5, 467, 881
List the prime factors of 556522.
2, 278261
What are the prime factors of 231177?
3, 263, 293
List the prime factors of 207696.
2, 3, 4327
What are the prime factors of 1794691?
43, 41737
List the prime factors of 20896395.
3, 5, 13, 101, 1061
What are the prime factors of 389541?
3, 41, 3167
List the prime factors of 475947.
3, 52883
List the prime factors of 5117649.
3, 1705883
List the prime factors of 574039.
17, 33767
List the prime factors of 4155175.
5, 166207
What are the prime factors of 8663789?
83, 104383
List the prime factors of 296020.
2, 5, 19, 41
What are the prime factors of 12327968?
2, 385249
List the prime factors of 3036841.
241, 12601
What are the prime factors of 198541?
7, 113, 251
What are the prime factors of 1756762?
2, 7, 29, 4327
List the prime factors of 6903005.
5, 43, 97, 331
List the prime factors of 881676.
2, 3, 19, 1289
What are the prime factors of 3129447?
3, 149, 7001
What are the prime factors of 1068018?
2, 3, 7, 59, 431
What are the prime factors of 1105967?
37, 71, 421
What are the prime factors of 1260073?
277, 4549
List the prime factors of 1613824.
2, 197
What are the prime factors of 298253?
101, 2953
List the prime factors of 42303.
3, 59, 239
List the prime factors of 218144.
2, 17, 401
What are the prime factors of 5629090?
2, 5, 562909
What are the prime factors of 1249262?
2, 7, 17, 29, 181
List the prime factors of 2479954.
2, 101, 12277
List the prime factors of 1508863.
31, 48673
List the prime factors of 202353.
3, 37, 1823
What are the prime factors of 16556673?
3, 7, 788413
What are the prime factors of 3538909?
11, 433, 743
List the prime factors of 5833864.
2, 37, 19709
List the prime factors of 723263.
723263
What are the prime factors of 651317?
53, 12289
What are the prime factors of 1124430?
2, 3, 5, 37, 1013
What are the prime factors of 1710043?
29, 58967
List the prime factors of 77799.
3, 25933
What are the prime factors of 2731467?
3, 821, 1109
What are the prime factors of 762028?
2, 190507
What are the prime factors of 146253?
3, 48751
What are the prime factors of 1607617?
11, 101, 1447
List the prime factors of 2407675.
5, 193, 499
List the prime factors of 745720.
2, 5, 103, 181
What are the prime factors of 5537610?
2, 3, 5, 13, 4733
What are the prime factors of 22403204?
2, 19, 31, 37, 257
List the prime factors of 2798320.
2, 5, 7, 19, 263
List the prime factors of 12578716.
2, 593, 5303
List the prime factors of 610462.
2, 305231
What are the prime factors of 729505?
5, 7, 19, 1097
What are the prime factors of 5317050?
2, 3, 5, 35447
What are the prime factors of 1111243?
7, 158749
What are the prime factors of 641323?
307, 2089
What are the prime factors of 6769268?
2, 11, 23, 6689
List the prime factors of 3849.
3, 1283
What are the prime factors of 5587765?
5, 1117553
What are the prime factors of 690292?
2, 172573
What are the prime factors of 21107871?
3, 37, 7043
List the prime factors of 660287.
191, 3457
List the prime factors of 7835745.
3, 5, 522383
What are the prime factors of 38127802?
2, 151, 191, 661
List the prime factors of 150783.
3, 50261
What are the prime factors of 9863630?
2, 5, 7, 140909
What are the prime factors of 672036?
2, 3, 56003
List the prime factors of 123374.
2, 61687
List the prime factors of 7668563.
7, 31, 35339
List the prime factors of 17485.
5, 13, 269
List the prime factors of 496825.
5, 7, 17, 167
What are the prime factors of 4253821?
11, 13, 151, 197
List the prime factors of 33999766.
2, 2111, 8053
List the prime factors of 783794.
2, 11, 23, 1549
What are the prime factors of 110694?
2, 3, 19, 971
List the prime factors of 171494.
2, 19, 4513
What are the prime factors of 7775444?
2, 1943861
What are the prime factors of 3061432?
2, 11, 19, 1831
List the prime factors of 166334.
2, 7, 109
What are the prime factors of 400050?
2, 3, 5, 7, 127
List the prime factors of 1263066.
2, 3, 7, 17, 29, 61
What are the prime factors of 933739?
933739
What are the prime factors of 172193?
7, 17, 1447
What are the prime factors of 8476536?
2, 3, 151, 2339
What are the prime factors of 8972572?
2, 7, 320449
What are the prime factors of 910363?
23, 39581
List the prime factors of 3190211.
3190211
List the prime factors of 5578767.
3, 367, 563
What are the prime factors of 42171?
3, 14057
List the prime factors of 696454.
2, 11, 31657
List the prime factors of 2261212.
2, 565303
What are the prime factors of 1092067?
1092067
List the prime factors of 177769.
17, 10457
List the prime factors of 923198.
2, 461599
List the prime factors of 2580041.
373, 6917
List the prime factors of 8954263.
19, 471277
What are the prime factors of 778944?
2, 3, 4057
What are the prime factors 